{"id":14044,"date":"2023-09-29T00:20:25","date_gmt":"2023-09-28T22:20:25","guid":{"rendered":"https:\/\/importadoralopez.net\/?post_type=product&#038;p=14044"},"modified":"2024-11-08T19:06:13","modified_gmt":"2024-11-09T01:06:13","slug":"bano-de-lujo-rosita-1513","status":"publish","type":"product","link":"https:\/\/importadoralopez.net\/index.php\/product\/bano-de-lujo-rosita-1513\/","title":{"rendered":"Ba\u00f1o de Lujo Rosita 1513"},"content":{"rendered":"<p>No necesitas gastar una fortuna para tener un ba\u00f1o elegante y sofisticado. \u00a1Te ofrecemos calidad y estilo a precios que te sorprender\u00e1n!\u00a0<span class=\"x3nfvp2 x1j61x8r x1fcty0u xdj266r xhhsvwb xat24cr xgzva0m xxymvpz xlup9mm x1kky2od\"><img loading=\"lazy\" decoding=\"async\" src=\"https:\/\/static.xx.fbcdn.net\/images\/emoji.php\/v9\/te0\/1\/16\/1f31f.png\" alt=\"\ud83c\udf1f\" width=\"16\" height=\"16\" \/><\/span><span class=\"x3nfvp2 x1j61x8r x1fcty0u xdj266r xhhsvwb xat24cr xgzva0m xxymvpz xlup9mm x1kky2od\"><img loading=\"lazy\" decoding=\"async\" src=\"https:\/\/static.xx.fbcdn.net\/images\/emoji.php\/v9\/tf4\/1\/16\/2728.png\" alt=\"\u2728\" width=\"16\" height=\"16\" \/><\/span>\u00a0No dejes pasar esta oportunidad y dale a tu hogar ese toque de distinci\u00f3n que merece.<\/p>\n<p>La l\u00ednea Rosita de\u00a0<a class=\"x1i10hfl xjbqb8w x6umtig x1b1mbwd xaqea5y xav7gou x9f619 x1ypdohk xt0psk2 xe8uvvx xdj266r x11i5rnm xat24cr x1mh8g0r xexx8yu x4uap5 x18d9i69 xkhd6sd x16tdsg8 x1hl2dhg xggy1nq x1a2a7pz xt0b8zv xzsf02u x1s688f\" tabindex=\"0\" role=\"link\" href=\"https:\/\/www.facebook.com\/ImportadoraLopezGuate?__tn__=-]K*F\"><span class=\"xt0psk2\">Importadora L\u00f3pez<\/span><\/a>\u00a0te encantar\u00e1, comun\u00edcate con nosotros para saber c\u00f3mo obtener nuestros productos.<\/p>\n","protected":false},"excerpt":{"rendered":"<p>No necesitas gastar una fortuna para tener un ba\u00f1o elegante y sofisticado. \u00a1Te ofrecemos calidad y estilo a precios que te sorprender\u00e1n!\u00a0\u00a0No<\/p>\n","protected":false},"featured_media":14045,"comment_status":"open","ping_status":"closed","template":"","meta":{"_joinchat":[]},"product_cat":[131],"product_tag":[],"class_list":{"0":"post-14044","1":"product","2":"type-product","3":"status-publish","4":"has-post-thumbnail","6":"product_cat-banos","8":"first","9":"instock","10":"shipping-taxable","11":"purchasable","12":"product-type-simple"},"_links":{"self":[{"href":"https:\/\/importadoralopez.net\/index.php\/wp-json\/wp\/v2\/product\/14044","targetHints":{"allow":["GET"]}}],"collection":[{"href":"https:\/\/importadoralopez.net\/index.php\/wp-json\/wp\/v2\/product"}],"about":[{"href":"https:\/\/importadoralopez.net\/index.php\/wp-json\/wp\/v2\/types\/product"}],"replies":[{"embeddable":true,"href":"https:\/\/importadoralopez.net\/index.php\/wp-json\/wp\/v2\/comments?post=14044"}],"wp:featuredmedia":[{"embeddable":true,"href":"https:\/\/importadoralopez.net\/index.php\/wp-json\/wp\/v2\/media\/14045"}],"wp:attachment":[{"href":"https:\/\/importadoralopez.net\/index.php\/wp-json\/wp\/v2\/media?parent=14044"}],"wp:term":[{"taxonomy":"product_cat","embeddable":true,"href":"https:\/\/importadoralopez.net\/index.php\/wp-json\/wp\/v2\/product_cat?post=14044"},{"taxonomy":"product_tag","embeddable":true,"href":"https:\/\/importadoralopez.net\/index.php\/wp-json\/wp\/v2\/product_tag?post=14044"}],"curies":[{"name":"wp","href":"https:\/\/api.w.org\/{rel}","templated":true}]}}